{"id":71,"date":"2019-09-06T16:16:44","date_gmt":"2019-09-06T16:16:44","guid":{"rendered":"http:\/\/lisakrusche.com\/?page_id=71"},"modified":"2024-04-10T06:57:52","modified_gmt":"2024-04-10T06:57:52","slug":"preise-stipendien","status":"publish","type":"page","link":"https:\/\/lisakrusche.com\/?page_id=71","title":{"rendered":"Auszeichnungen"},"content":{"rendered":"<div class=\"wp-block-image\">\n<figure class=\"aligncenter size-large\"><img loading=\"lazy\" decoding=\"async\" width=\"1024\" height=\"743\" src=\"http:\/\/lisakrusche.com\/wp-content\/uploads\/2020\/11\/B0FDC79A-9F86-49E4-BD2A-22A1DF6BBD3E-1024x743.jpeg\" alt=\"\" class=\"wp-image-288\" srcset=\"https:\/\/lisakrusche.com\/wp-content\/uploads\/2020\/11\/B0FDC79A-9F86-49E4-BD2A-22A1DF6BBD3E-1024x743.jpeg 1024w, https:\/\/lisakrusche.com\/wp-content\/uploads\/2020\/11\/B0FDC79A-9F86-49E4-BD2A-22A1DF6BBD3E-300x218.jpeg 300w, https:\/\/lisakrusche.com\/wp-content\/uploads\/2020\/11\/B0FDC79A-9F86-49E4-BD2A-22A1DF6BBD3E-768x557.jpeg 768w, https:\/\/lisakrusche.com\/wp-content\/uploads\/2020\/11\/B0FDC79A-9F86-49E4-BD2A-22A1DF6BBD3E-2048x1486.jpeg 2048w, https:\/\/lisakrusche.com\/wp-content\/uploads\/2020\/11\/B0FDC79A-9F86-49E4-BD2A-22A1DF6BBD3E-951x690.jpeg 951w\" sizes=\"(max-width: 1024px) 100vw, 1024px\" \/><\/figure><\/div>\n\n\n<h2 class=\"wp-block-heading\">Stipendien <\/h2>\n\n\n\n<p>Lisa Krusche war 2019 Stadtschreiberin in <a href=\"https:\/\/www.hall-in-tirol.at\/Presse\/Lisa-Krusche-wird-die-erste-Stromboli-Stadtschreiberin\">Hall in Tirol <\/a>, Stipendiatin des <a href=\"https:\/\/bachmannpreis.orf.at\/tags\/literaturkurs2019\/\">23. Klagenfurter Literaturkurses <\/a>und <a href=\"http:\/\/www.openmikederblog.de\/2019\/10\/27\/die-kandidatinnen-des-27-open-mike-lisa-krusche-sarah-kuratle\/\">Finalistin beim 27. open mike<\/a>. Teilnehmerin der J\u00fcrgen Ponto-Textwerkstatt 2020. 2021 erhielt sie das LCB-Aufenthaltsstipendium des Berliner Senats. 2022 erhielt sie das Kranichsteiner Kinderliteraturstipendium. <\/p>\n\n\n\n<h2 class=\"wp-block-heading\">Auszeichnungen <\/h2>\n\n\n\n<p><em>Unsere anarchistischen Herzen<\/em> war nominiert f\u00fcr den Deb\u00fctpreis der Lit.Cologne und auf der Shortlist des Aspekte Literaturpreises. <a href=\"https:\/\/bachmannpreis.orf.at\/stories\/3054157\/\">Lisa Krusche erhielt den Deutschlandfunk Preis bei den 44. Tagen der Deutschsprachigen Literatur.<\/a> Ihr Text <em><a href=\"https:\/\/www.swr.de\/swr2\/doku-und-feature\/SWR2-Essay-EDIT-Essaypreis-2019,swr2-essay-2019-12-16-102.html\">Heul doch<\/a><\/em> wurde dem Edit Radio Essaypreis 2019 ausgezeichnet. F\u00fcr ihr Manuskript <em>Das Universum ist verdammt gro\u00df und super mystisch<\/em> bekam sie 2020 den<a href=\"https:\/\/www.limburg.de\/Tourismus-Freizeit\/Kunst-Kultur-\/Hans-im-Gl%C3%BCck-Preis\" target=\"_blank\" rel=\"noreferrer noopener\"> Hans-im-Gl\u00fcck-Preis<\/a>. Das Buch war au\u00dferdem auf der Empfehlungsliste <em>The White Ravens 2021<\/em>\u00a0und wurde mit dem Lesekompass der Stiftung Lesen und Leipziger Buchmesse ausgezeichnet. Es wurde f\u00fcr den Deutsch-Franz\u00f6sischen Jugendliteraturpreis und den Prix Chronos nominiert. 2023 wurde es mit dem Premio Strega Ragazzi 2023 (Kategorie Deb\u00fctroman) ausgezeichnet. F\u00fcr das St\u00fcck <em>Ein Riese allein hebt noch keinen Mond<\/em> in den Himmel bekam Lisa Krusche die Nah dran!-F\u00f6rderung f\u00fcr ein St\u00fcckentwicklungsprojekt.<\/p>\n\n\n\n<p><\/p>\n\n\n\n<p><\/p>\n","protected":false},"excerpt":{"rendered":"<p>Stipendien Lisa Krusche war 2019 Stadtschreiberin in Hall in Tirol , Stipendiatin des 23. Klagenfurter Literaturkurses und Finalistin beim 27. open mike. Teilnehmerin&hellip;<\/p>\n","protected":false},"author":1,"featured_media":0,"parent":0,"menu_order":0,"comment_status":"closed","ping_status":"closed","template":"page-templates\/full-width.php","meta":{"_vp_format_video_url":"","_vp_image_focal_point":[],"footnotes":""},"jetpack_sharing_enabled":true,"_links":{"self":[{"href":"https:\/\/lisakrusche.com\/index.php?rest_route=\/wp\/v2\/pages\/71"}],"collection":[{"href":"https:\/\/lisakrusche.com\/index.php?rest_route=\/wp\/v2\/pages"}],"about":[{"href":"https:\/\/lisakrusche.com\/index.php?rest_route=\/wp\/v2\/types\/page"}],"author":[{"embeddable":true,"href":"https:\/\/lisakrusche.com\/index.php?rest_route=\/wp\/v2\/users\/1"}],"replies":[{"embeddable":true,"href":"https:\/\/lisakrusche.com\/index.php?rest_route=%2Fwp%2Fv2%2Fcomments&post=71"}],"version-history":[{"count":17,"href":"https:\/\/lisakrusche.com\/index.php?rest_route=\/wp\/v2\/pages\/71\/revisions"}],"predecessor-version":[{"id":542,"href":"https:\/\/lisakrusche.com\/index.php?rest_route=\/wp\/v2\/pages\/71\/revisions\/542"}],"wp:attachment":[{"href":"https:\/\/lisakrusche.com\/index.php?rest_route=%2Fwp%2Fv2%2Fmedia&parent=71"}],"curies":[{"name":"wp","href":"https:\/\/api.w.org\/{rel}","templated":true}]}}